w + 4. Suppose 0 = w*p + 16, 3*x = 2*p - 0*p - 19. Let g(f) = f**3 + 10*f**2 + 8*f - 1. What are the prime factors of g(x)?
2
Suppose 0 = -0*s + 2*s - 184. List the prime factors of s.
2, 23
Let b(c) = -76*c**3 + c**2 + 3*c + 2. What are the prime factors of b(-1)?
2, 19
Let g = 15 - -5. List the prime factors of (-12)/8*g/(-6).
5
Let j be ((-60)/(-8))/(6/8). Suppose o - j = -0*o. List the prime factors of o.
2, 5
Let u = 12 - 7. Suppose u*p - 77 = -2. List the prime factors of p.
3, 5
Suppose 0 = -5*a - m + 171, m - 103 = 3*a - 6*a. What are the prime factors of a?
2, 17
What are the prime factors of ((-104)/(-32))/(1/4)?
13
Let a = -194 - -281. What are the prime factors of a?
3, 29
Suppose 5*o = 362 + 198. List the prime factors of o.
2, 7
Let t(w) = -w - 9. Let u be ((-2)/(-5))/((-1)/35). What are the prime factors of t(u)?
5
Suppose 4*k = 10*k - 120. Suppose 12 = -2*n + 3*n. What are the prime factors of k/n*9*1?
3, 5
Let v be 16/(-9) + (-2)/9. Let u(a) = -2*a**3 - 5*a - 1. What are the prime factors of u(v)?
5
Suppose 0 = u + 2*b - 6, 2*u - 3 = -2*b + 1. Let p(r) = -2*r**3 + 2*r**2 - r. What are the prime factors of p(u)?
2, 13
Let d = -212 + 313. What are the prime factors of d?
101
Let w(j) = -2*j - 10. Let p be w(11). Let x = p - -57. What are the prime factors of x?
5
Suppose -342 = -5*q + 248. List the prime factors of q.
2, 59
Suppose -2*v + 5*a + 110 = 0, -a + 390 = 5*v + 115. Suppose -4*o + v = 3*s, -3*o = o - 3*s - 73. List the prime factors of o.
2
What are the prime factors of (133 + 3)*(1 + 0)?
2, 17
Suppose 0 = -2*w + 3*y + 75, 14 = -w - 4*y + 46. What are the prime factors of w?
2, 3
Let x = -80 + 120. Suppose 0*h - x = -4*h. List the prime factors of h.
2, 5
Suppose -5*v + 941 = 3*w, 5*v + 2*w = 3*v + 374. What are the prime factors of v?
2, 5, 19
Suppose 3*q - 25 = 5*f, 0 = 3*q - 3*f - 30 - 3. List the prime factors of q.
3, 5
Let b(w) = w**3 + 8*w**2 + 9*w - 6. Let k be b(-7). List the prime factors of 2/(-2)*(9 + k).
11
Let p(h) = 2*h - 15. Let y be p(11). Let s = 60 - y. List the prime factors of s.
53
Let u(r) = r**3 - 4*r**2 - 2*r + 0*r**3 + 0*r + 6 - r. List the prime factors of u(5).
2
Let k = -202 + 282. What are the prime factors of k?
2, 5
Let z = 177 + -113. List the prime factors of z.
2
Let t = -7 + 8. Suppose t - 21 = -b. What are the prime factors of b?
2, 5
Let t = 64 + -38. What are the prime factors of t?
2, 13
Let k(y) = y**2 + 4*y + 4. Suppose -a = 2*a. Suppose a = -4*v - 4*o, 0 = -5*v + 2*o - 0*o - 35. List the prime factors of k(v).
3
Let j be 3/1 - 3 - 2. Let x = 0 + 3. What are the prime factors of (j + 4)/(x/6)?
2
Let k(u) = -13*u - 6. List the prime factors of k(-4).
2, 23
Let u = 2 - 2. Suppose -4*k - g + 353 = u, -4*k + 3*g - 110 = -443. What are the prime factors of 4/(-6) + k/9?
3
Suppose -22 - 73 = -5*j. Let w = j + -8. What are the prime factors of w?
11
Suppose -45*p + 49*p - 508 = 0. List the prime factors of p.
127
Let v = -2 - -8. Suppose 2*a = 8 + v. List the prime factors of a.
7
Suppose 4*g = g - 6. What are the prime factors of (3/3)/(g/(-24))?
2, 3
Let x(f) = f**2 - f. Let g(a) = -a**3 - 8*a**2 - 3*a + 1. Let u(z) = -g(z) - 2*x(z). List the prime factors of u(-4).
11
Suppose 0 = y + 3*g - 16, -y = -6*y + g. List the prime factors of (39/3 - 2)*y.
11
Suppose -5*i + 10 = -z, 2*i - 4 = -3*z + 8*z. Suppose i*x + 2*u = 32, 2*u + 0 = 4. List the prime factors of x.
2, 7
Let h = -38 - -117. List the prime factors of h.
79
Let h(i) = i**3 + 2*i**2 - 1. Let p be h(-2). Let n be -3*(p - 14/6). List the prime factors of 12/4 + n/2.
2
What are the prime factors of 63/1 - (0 + -3 + -1)?
67
What are the prime factors of 3 + 4 - (-1 + 3)?
5
Suppose 300 = 2*x + 3*x. Suppose 0*s - 5*s = -x. List the prime factors of s.
2, 3
Let u be (-16)/(-8) - (0 + -82). Suppose 5*h = p - 3*p + 49, -3*p + 3*h = -u. List the prime factors of p.
3
Let y = -1 - -1. Suppose 4*a - 26 - 2 = y. What are the prime factors of a?
7
Suppose -21 = -3*d - 4*d. What are the prime factors of d?
3
Let g(u) = 8*u - 9*u**2 + 8 - 3 + 8. Let p(j) = 4*j**2 - 4*j - 6. Let h(v) = -3*g(v) - 7*p(v). What are the prime factors of h(4)?
3
List the prime factors of (3/(-2))/((-51)/1054).
31
Suppose k - 6*k - 250 = -4*z, 3*z - k = 193. What are the prime factors of z?
5, 13
Suppose 4*c = -3*t + 516 + 66, -t + 434 = 3*c. List the prime factors of c.
2, 3
Let z(v) = -v + 2. Let y be z(2). Suppose 2*u + 4*i - 30 = y, 5*i = 4*i - 1. What are the prime factors of u?
17
Let z(t) be the third derivative of t**5/60 - t**4/24 + 4*t**3 + t**2. What are the prime factors of z(0)?
2, 3
Let q = 28 + 8. What are the prime factors of q?
2, 3
Suppose 0 = -2*s + t - 25, -4*s + 4*t - 53 = -t. Let l(d) = 2*d**3 - d. Let y be l(-1). Let x = y - s. What are the prime factors of x?
11
Let i = -2 + -2. Let c = 37 - i. What are the prime factors of c?
41
Let q = 265 + -153. What are the prime factors of q?
2, 7
Let m(h) = 2*h**2. Let f be m(-1). Suppose -f*d + 33 = n, -2*d + 22 + 65 = 3*n. List the prime factors of n.
3
Let r(h) = -h**2 + 7*h - 2. Let z be r(6). Suppose 0 = -2*q - 3*n + z, -3*n = -4*q + 2 + 6. What are the prime factors of q?
2
Suppose 3*i = -58 - 8. What are the prime factors of (-4)/(-22) - 370/i?
17
What are the prime factors of 100/(-6)*(-84)/70?
2, 5
Let k(v) be the third derivative of -v**5/60 - 2*v**4/3 - 25*v**3/6 - 4*v**2. List the prime factors of k(-10).
5, 7
Let z(r) = -260*r**3 - r**2. List the prime factors of z(-1).
7, 37
Let m = -4 + 14. List the prime factors of m.
2, 5
Suppose -x + 3*w + w - 29 = 0, 0 = 5*x + w + 208. Let q = x - -59. List the prime factors of q.
2, 3
Let l(r) = 4*r**2 - 7*r + 2. List the prime factors of l(-8).
2, 157
Let b be 20/6 + (-1)/3. Let o be b*3/18*0. Suppose o = 5*t + c - 48, 5*c - 21 = -6. What are the prime factors of t?
3
Let y = -9 - -13. What are the prime factors of y?
2
Let f(u) = u**3 - 2*u**2 - 15*u + 4. List the prime factors of f(7).
2, 3
Suppose -3*j = s + s - 22, 10 = 2*s. Suppose j*v - 2*v = 38. List the prime factors of v.
19
Suppose 0 = -2*n + 12 + 38. List the prime factors of n.
5
Let v be 12/8 - (-3)/2. Suppose -v*u + 4*y - 2 = -2*u, -4*u = y - 77. What are the prime factors of u?
2, 3
List the prime factors of -39*((-6)/9)/2.
13
Let k = 231 - 160. List the prime factors of k.
71
Let v be (-25)/(-2 + (-14)/(-8)). List the prime factors of (v/30)/(2/3).
5
Suppose 11*t - 75 = 8*t. What are the prime factors of t?
5
Let h = -9 + 9. Suppose 4*x - 3*c = -h*x + 97, 3*x + 5*c - 51 = 0. List the prime factors of x.
2, 11
Let n(c) = -c**2 - 9*c - 11. Let x be n(-8). Let h be 2 + 0 - (1 - x). What are the prime factors of (-1)/((-1)/(-12)*h)?
2, 3
Let d = 1 - -3. What are the prime factors of (-1)/d - 136/(-32)?
2
Suppose 4 = -o - 0*o. Let s = 0 - o. Suppose 4*f = 5*b + s - 28, 7 = 3*b + 5*f. What are the prime factors of b?
2
Suppose q = -2*q + 48. Suppose 5*g = -2*n + 11, -n + q = 2*g - 6*n. Suppose -3*v - 3*l + 2 = -4*v, g*v + 3*l - 54 = 0. What are the prime factors of v?
13
What are the prime factors of ((-2)/(32/(-12)))/((-1)/(-24))?
2, 3
Suppose 0*n - 5*n - 316 = -4*r, 3*r = -5*n + 272. Suppose -5*b = -b - r. List the prime factors of b.
3, 7
Suppose -5*q + 1155 = u, 2*u - 3*u = -q + 225. List the prime factors of q.
2, 5, 23
Let n(x) = x + 10. Let h be n(-7). Let y(g) = g**3 + g**2 - 3*g + 1. List the prime factors of y(h).
2, 7
Suppose 6*o - 15 = 21. What are the prime factors of ((-147)/o*4)/(-2)?
7
Let j(x) = x**2 - x - 3. Let t be ((-16)/(-2))/(4/2). What are the prime factors of j(t)?
3
Let b(s) = -3*s**2 + 4*s**2 + 5*s - 5 - 4*s. Suppose -a - 8 = 2*j, 0 = -5*j + 6*a - 2*a - 20. List the prime factors of b(j).
7
Suppose -5*a = -15, 0*a + 129 = 4*k + 3*a. What are the prime factors of k?
2, 3, 5
Let b(l) = l**3 + 9*l**2 - 11*l + 4. List the prime factors of b(-10).
2, 7
Let c(t) = t**2 + t + 1. Let n be c(-5). Suppose -2*o - 10 = -7*o. Let i = n - o. List the prime factors of i.
19
Let h = 9 - 9. Suppose 2*j + 2*j + 8 = h. List the prime factors of (7/(-2))/(j/12).
3, 7
Let s = -2 - -8. Suppose s*g - 90 = 3*g. What are the prime factors of g?
2, 3, 5
Let j = -13 - -48. List the prime factors of j.
5, 7
What are the prime factors of 95/(0 - (-3 - 6/(-3)))?
5, 19
Suppose 3*j - 39